6.
17
Calculate the remainder when 246 is divided by 38.
18
Calculate the remainder when 311 is divided by 39.
38
Calculate the remainder when 2173 is divided by 75.
73
Calculate the remainder when 987 is divided by 16.
11
Calculate the remainder when 747 is divided by 182.
19
Calculate the remainder when 439 is divided by 8.
7
Calculate the remainder when 30 is divided by 7.
2
Calculate the remainder when 5793 is divided by 7.
4
What is the remainder when 155 is divided by 23?
17
Calculate the remainder when 1028 is divided by 209.
192
Calculate the remainder when 399 is divided by 100.
99
Calculate the remainder when 613 is divided by 58.
33
Calculate the remainder when 132 is divided by 28.
20
Calculate the remainder when 534 is divided by 265.
4
What is the remainder when 9579 is divided by 67?
65
Calculate the remainder when 14790 is divided by 86.
84
What is the remainder when 2056 is divided by 340?
16
Calculate the remainder when 1649 is divided by 64.
49
Calculate the remainder when 257 is divided by 10.
7
Calculate the remainder when 210 is divided by 49.
14
What is the remainder when 548 is divided by 20?
8
Calculate the remainder when 213 is divided by 10.
3
What is the remainder when 3223 is divided by 80?
23
What is the remainder when 65 is divided by 27?
11
What is the remainder when 575 is divided by 101?
70
What is the remainder when 386 is divided by 26?
22
Calculate the remainder when 566 is divided by 27.
26
Calculate the remainder when 599 is divided by 60.
59
What is the remainder when 1081 is divided by 51?
10
What is the remainder when 552 is divided by 45?
12
What is the remainder when 102 is divided by 4?
2
Calculate the remainder when 1359 is divided by 85.
84
What is the remainder when 385 is divided by 128?
1
Calculate the remainder when 165 is divided by 58.
49
Calculate the remainder when 1077 is divided by 120.
117
What is the remainder when 18563 is divided by 78?
77
Calculate the remainder when 4 is divided by 1.
0
What is the remainder when 1759 is divided by 57?
49
What is the remainder when 127 is divided by 23?
12
What is the remainder when 180 is divided by 26?
24
What is the remainder when 158 is divided by 92?
66
Calculate the remainder when 3575 is divided by 1190.
5
Calculate the remainder when 1899 is divided by 87.
72
What is the remainder when 235 is divided by 30?
25
Calculate the remainder when 120 is divided by 41.
38
Calculate the remainder when 2476 is divided by 124.
120
Calculate the remainder when 177 is divided by 65.
47
Calculate the remainder when 509 is divided by 11.
3
Calculate the remainder when 266 is divided by 128.
10
Calculate the remainder when 848 is divided by 11.
1
Calculate the remainder when 19 is divided by 1.
0
What is the remainder when 1737 is divided by 96?
9
Calculate the remainder when 359 is divided by 104.
47
Calculate the remainder when 983 is divided by 34.
31
What is the remainder when 820 is divided by 200?
20
Calculate the remainder when 67 is divided by 31.
5
Calculate the remainder when 725 is divided by 145.
0
What is the remainder when 454 is divided by 14?
6
What is the remainder when 401 is divided by 100?
1
Calculate the remainder when 258 is divided by 80.
18
Calculate the remainder when 311 is divided by 114.
83
What is the remainder when 1033 is divided by 3?
1
Calculate the remainder when 810 is divided by 22.
18
Calculate the remainder when 14664 is divided by 35.
34
What is the remainder when 208 is divided by 110?
98
Calculate the remainder when 233 is divided by 86.
61
Calculate the remainder when 229 is divided by 46.
45
Calculate the remainder when 654 is divided by 73.
70
Calculate the remainder when 831 is divided by 192.
63
What is the remainder when 2617 is divided by 218?
1
Calculate the remainder when 35 is divided by 8.
3
Calculate the remainder when 167 is divided by 43.
38
What is the remainder when 9526 is divided by 27?
22
Calculate the remainder when 526 is divided by 12.
10
What is the remainder when 102 is divided by 44?
14
What is the remainder when 87 is divided by 5?
2
What is the remainder when 124 is divided by 65?
59
What is the remainder when 1279 is divided by 438?
403
What is the remainder when 14212 is divided by 23?
21
What is the remainder when 1259 is divided by 28?
27
Calculate the remainder when 76 is divided by 20.
16
Calculate the remainder when 281 is divided by 2.
1
What is the remainder when 535 is divided by 67?
66
What is the remainder when 228 is divided by 33?
30
What is the remainder when 466 is divided by 152?
10
What is the remainder when 1083 is divided by 182?
173
What is the remainder when 51 is divided by 8?
3
Calculate the remainder when 134 is divided by 45.
44
What is the remainder when 260 is divided by 78?
26
What is the remainder when 38 is divided by 11?
5
What is the remainder when 1318 is divided by 6?
4
What is the remainder when 24 is divided by 14?
10
What is the remainder when 412 is divided by 9?
7
Calculate the remainder when 1001 is divided by 144.
137
Calculate the remainder when 256 is divided by 62.
8
Calculate the remainder when 88 is divided by 17.
3
Calculate the remainder when 2067 is divided by 264.
219
Calculate the remainder when 1268 is divided by 109.
69
What is the remainder when 3587 is divided by 14?
3
Calculate the remainder when 836 is divided by 31.
30
Calculate the remainder when 813 is divided by 67.
9
Calculate the remainder when 67 is divided by 16.
3
What is the remainder when 3383 is divided by 24?
23
Calculate the remainder when 4439 is divided by 111.
110
What is the remainder when 572 is divided by 57?
2
Calculate the remainder when 19293 is divided by 12.
9
Calculate the remainder when 133 is divided by 8.
5
Calculate the remainder when 862 is divided by 9.
7
What is the remainder when 32 is divided by 17?
15
Calculate the remainder when 152 is divided by 119.
33
Calculate the remainder when 2789 is divided by 6.
5
What is the remainder when 1239 is divided by 30?
9
What is the remainder when 38697 is divided by 150?
147
What is the remainder when 278 is divided by 88?
14
Calculate the remainder when 121 is divided by 98.
23
What is the remainder when 9 is divided by 7?
2
What is the remainder when 519 is divided by 26?
25
What is the remainder when 54 is divided by 14?
12
Calculate the remainder when 184 is divided by 19.
13
What is the remainder when 1739 is divided by 15?
14
What is the remainder when 217 is divided by 42?
7
Calculate the remainder when 186 is divided by 16.
10
Calculate the remainder when 26 is divided by 12.
2
Calculate the remainder when 900 is divided by 441.
18
What is the remainder when 1198 is divided by 386?
40
Calculate the remainder when 14 is divided by 10.
4
Calculate the remainder when 1862 is divided by 265.
7
What is the remainder when 95 is divided by 38?
19
Calculate the remainder when 548 is divided by 46.
42
Calculate the remainder when 6076 is divided by 16.
12
What is the remainder when 131 is divided by 41?
8
Calculate the remainder when 6985 is divided by 152.
145
What is the remainder when 132 is divided by 32?
4
Calculate the remainder when 1350 is divided by 123.
120
What is the remainder when 3801 is divided by 141?
135
Calculate the remainder when 52 is divided by 34.
18
What is the remainder when 142 is divided by 13?
12
What is the remainder when 269 is divided by 145?
124
Calculate the remainder when 95 is divided by 16.
15
What is the remainder when 4401 is divided by 439?
11
Calculate the remainder when 930 is divided by 140.
90
Calculate the remainder when 5409 is divided by 132.
129
Calculate the remainder when 76 is divided by 13.
11
What is the remainder when 1447 is divided by 39?
4
Calculate the remainder when 107 is divided by 3.
2
Calculate the remainder when 3093 is divided by 18.
15
Calculate the remainder when 362 is divided by 74.
66
What is the remainder when 20287 is divided by 19?
14
What is the remainder when 47 is divided by 28?
19
Calculate the remainder when 2847 is divided by 95.
92
Calculate the remainder when 679 is divided by 17.
16
What is the remainder when 3309 is divided by 24?
21
What is the remainder when 123 is divided by 21?
18
What is the remainder when 31 is divided 